 Calculate the remainder when 4 is divided by (-1)/4 - g/c.
1
Let c = -29 + 66. What is the remainder when c is divided by 1 + 0 + 9*1?
7
Let h be 354/8 + 12/16. Suppose -46 = 3*m - 187. Calculate the remainder when m is divided by h/(-10)*(-16)/6.
11
Suppose -5*n + 5*b = -5, -3 = 3*n - 3*b + 2*b. Calculate the remainder when 68/n*(-12)/8 is divided by 27.
24
Let g(h) = -h**3 + 10*h**2 + 7*h - 5. Let t be g(8). Suppose -5*a + 191 = -t. Let z = 103 - a. What is the remainder when z is divided by 15?
14
Let s(d) = 4 - 2 + 2*d + 0. What is the remainder when 2 + 1 - -41 - -3 is divided by s(7)?
15
Let r = 45 - 2. What is the remainder when r is divided by 23?
20
Suppose -2*i + 10 = -3*f + 2, 3*f - 4*i + 4 = 0. What is the remainder when 42/f*10/(-15) is divided by 5?
2
Let l = -20 + 24. Calculate the remainder when 121 is divided by 0 - (12/l - 34).
28
Let q = 5 - 2. Suppose w = -3*s + 13, -5*w + 19 = q*s - 22. Suppose 4*f + w*k - 24 = 2*k, -2*f = -4*k - 12. What is the remainder when 11 is divided by f?
5
Suppose -3*p = -5 - 13. What is the remainder when 21 is divided by p?
3
Calculate the remainder when 9 is divided by (-5)/(20/(-8)) + 2.
1
Let l = 0 - 0. Suppose l = -0*w + w - 29. Let m = -37 + 53. Calculate the remainder when w is divided by m.
13
Let v = 0 + 2. Let c(a) = -a**2 - v - 4 - 6*a - 6*a. Calculate the remainder when c(-6) is divided by 11.
8
Suppose 2*i = 5*i + 18. What is the remainder when (-9)/i*(4 - -10) is divided by 11?
10
Let z be 3/(-12) - (-302)/(-8). Let s = z + 65. Calculate the remainder when s is divided by 14.
13
Let f(o) = 16*o**2. Let w be (-1)/6 + 7/6. Calculate the remainder when 30 is divided by f(w).
14
Let r = -99 + 165. Let t = 50 + -33. Calculate the remainder when r is divided by t.
15
Suppose 0*h - 5*s = 3*h - 85, 20 = 4*s. What is the remainder when 157 is divided by h?
17
Let c(r) = -r**3 - 3*r**2 + 2*r - 2. What is the remainder when c(-5) is divided by 10?
8
Suppose 2*y - 6 = -2. Suppose y*v + m = 6, -2*v = -m - 2*m - 22. Suppose -3*w - 65 = -8*w. Calculate the remainder when w is divided by v.
3
Let t = 18 - 12. What is the remainder when 20 is divided by (t + 1)/(8 - 7)?
6
Let n = 147 - 12. What is the remainder when n is divided by 35?
30
Suppose 0 = 5*w - 46 - 119. Suppose g - 18 = 4*g. What is the remainder when w is divided by (-174)/(-10) - g/(-15)?
16
Let f = 5 + -3. Suppose -4*y - 3 + 13 = -f*k, -5*y = k - 9. Suppose -3*n - 8 = -7*n. What is the remainder when n is divided by y?
0
Suppose 7*s = 6*s + 29. Calculate the remainder when 40 is divided by s.
11
Suppose 3*y + 28 = 124. What is the remainder when y is divided by 9?
5
Let v(b) = -b**2 + b - 2. Let u be v(4). Let x = u + 27. Calculate the remainder when 21 - (1 + 1 + -5) is divided by x.
11
Let s be 0 - -1 - (7 - 0). Let f = 0 - s. What is the remainder when 14 is divided by f/1 - (-8)/4?
6
Suppose 2*a = 5*a - 21. Calculate the remainder when a is divided by 6.
1
Let m(k) = -k**2 - 10*k + 14. Calculate the remainder when 4 is divided by m(-11).
1
Let y = 2 - 2. Suppose -4*v + 27 + 21 = y. What is the remainder when v is divided by 7?
5
Suppose 8*z - 30 = 5*z. Let g(y) = y**3 + 8*y**2 + 5*y - 8. Let n be ((-5 - 2)*1)/1. What is the remainder when z is divided by g(n)?
4
Let o = 60 - -38. Calculate the remainder when o is divided by 9.
8
Let h(c) = -c**3 - 9*c**2 - 17*c. Calculate the remainder when 104 is divided by h(-7).
20
Let u = -96 - -129. Calculate the remainder when 63 is divided by u.
30
What is the remainder when 52 is divided by 106/4 - 2/(-4)?
25
Let g(r) = r - 5. Let l be g(5). Suppose 4*q - 635 + 143 = l. Suppose 7 = -2*v + q. Calculate the remainder when v is divided by 20.
18
Let v(l) = -l + 1. Calculate the remainder when v(-8) is divided by 6.
3
What is the remainder when 94/4 - 7/(-14) is divided by 5?
4
Let z(d) = d**2 + 6*d - 2. Let q = -7 + -2. Let c(n) = 3*n + 1. What is the remainder when z(q) is divided by c(4)?
12
Let t = 4 + -4. Suppose b - 6*b - 5 = 0, t = -y - 5*b + 8. Suppose l + 3*o = y, 6*o = 5*l + o - 65. Calculate the remainder when 38 is divided by l.
12
What is the remainder when (-60)/(40/(-16) - (-1 + 0)) is divided by 12?
4
Suppose 3 = -m, 2*j - 4*m = 7 + 37. Suppose -2*f - j = -66. What is the remainder when f is divided by 9?
7
Let v be 9/(-6) + (-1)/2. Let k = 25 - -2. Calculate the remainder when k is divided by v/(-4) + 54/4.
13
Suppose 0 = -3*h + 10 + 23. What is the remainder when 31 is divided by h?
9
Let f(z) = -4*z**3 + z**2 - z - 1. Let v be f(-1). Suppose -v = -2*p + 1. What is the remainder when 7 is divided by p?
1
Let f = -130 + 216. Calculate the remainder when f is divided by 23.
17
Suppose 8 = -5*a - 4*r - 7, r + 8 = 3*a. What is the remainder when 3 is divided by a?
0
Suppose 0 = 7*i - 430 - 515. What is the remainder when i is divided by 23?
20
Suppose 0 = 5*w - 4*j - 13, 0 = 4*w - 5*w + 2*j - 1. Let x = -7 + 13. Let b = 7 + x. Calculate the remainder when b is divided by w.
3
Suppose -6*u = -5*u - 28. What is the remainder when 82 is divided by u?
26
Suppose 2*o + j = -2*j + 5, 2*j + 14 = 3*o. What is the remainder when o is divided by 2?
0
Let r(q) = -q**3 + 10*q**2 - 14*q + 9. What is the remainder when 69 is divided by r(8)?
19
Suppose -2*x = -2*j - 0*x + 56, 4*x + 60 = 2*j. Suppose -2*m + 4*s + 150 = 0, 0*m - s + 232 = 3*m. What is the remainder when m is divided by j?
25
Let p(q) = 15*q**2 - q + 1. Let d = 235 + -15. Suppose -d = -4*g - g. What is the remainder when g is divided by p(1)?
14
Let i be ((-2)/(-4))/(7/756). Suppose 5*w - 81 = -16. What is the remainder when (-2)/1 - i/(-2) is divided by w?
12
Let d = -75 - -89. Let n be -9*1/(3/7). Let o = 48 + n. What is the remainder when o is divided by d?
13
Let i be 122/10 + (-6)/30. Let p be 3/(-2) - i/(-8). Suppose -5*j - 4*h = -p*h - 49, 2*h = 5*j - 73. Calculate the remainder when 24 is divided by j.
11
Let u(z) = -z + 1. Let n(t) = -5*t + 2. Let i be (-1)/((-2)/(6*-1)). Calculate the remainder when n(i) is divided by u(-8).
8
Let w = 3 + -2. Calculate the remainder when ((-3)/2)/(2/(-4)) is divided by (-1)/w*2/(-1).
1
Let m = 6 + 17. Let q = -11 + m. Calculate the remainder when 21 is divided by q.
9
Calculate the remainder when 21 is divided by 2/(-7) - 232/(-28).
5
Calculate the remainder when 3 is divided by 3 + (1 + 0)*-2.
0
Let f = -62 + 88. What is the remainder when 76 is divided by f?
24
Suppose 7*m + 20 = 2*m. Let s be ((-8)/m)/(2/4). Suppose -s*f + 3*k + 11 = 0, 6*k - 5*k - 3 = 0. What is the remainder when 14 is divided by f?
4
Suppose -9*b + 331 + 146 = 0. Calculate the remainder when b is divided by 6.
5
Let r = -111 - -157. What is the remainder when 87 is divided by r?
41
Let c = 54 + -3. Calculate the remainder when c is divided by 9.
6
Suppose 0 = l + 4*m - 2*m - 38, -5*m - 113 = -4*l. Let n = 23 + l. Calculate the remainder when n is divided by 19.
17
What is the remainder when 21 is divided by (-1)/(-4) - 129/(-12)?
10
Suppose -4*c = -7*c. Suppose c = -0*w - w + 9. Calculate the remainder when 24 is divided by w.
6
Let v be (-21 - (-1)/(-1))/(-1). Let a = -11 + v. What is the remainder when 20 is divided by a?
9
Let y = 15 + -15. Suppose c + 2 = -c - 4*i, -4*c - 4*i + 16 = y. What is the remainder when 16 is divided by c?
7
Suppose 4*q - 3*g = 85, -q - q + 4*g + 50 = 0. Suppose -2*m = 5 - q. Calculate the remainder when 27 is divided by m.
6
Let b = 10 + -6. Suppose -b = 2*i, -2*h = -h - 3*i - 11. What is the remainder when 9 is divided by h?
4
Suppose 3*c - 273 = -m, 0 = -3*c - c - 4*m + 372. Let v(y) = 11*y + 1. Calculate the remainder when c is divided by v(2).
21
Suppose -23 = 5*b - 108. What is the remainder when b is divided by 9?
8
Suppose -3*j - 5*t + 7 = 0, -2*j + 2*t = 2*j + 34. Let f(x) = x + 4. What is the remainder when (9/j)/((-6)/40) is divided by f(0)?
2
Suppose 9*y - 285 = 39. What is the remainder when 104 is divided by y?
32
Let q be 1/(-1)*(-76 + 1). Let l = -52 + q. Calculate the remainder when l is divided by 8.
7
Let i(x) = 3*x + 6. What is the remainder when 46 is divided by i(2)?
10
Let s = -29 + 65. Calculate the remainder when 69 is divided by s.
33
Suppose 5*k = -2*g - 2*g - 15, 2*k + 6 = -4*g. Let u(o) = 11*o**2 + 3*o + 2. Let l be u(k). Let h = -60 + l. Calculate 